when 46 is divided by (-2)/(-6) + (-329)/(-21)?
14
What is the remainder when 115/1 + (-2 - (-5 - -5)) is divided by 23?
21
Suppose -2*a - 10 = 3*a. Let o(t) = 3*t + 2. Calculate the remainder when (-3 - a) + 4 + 62 is divided by o(5).
14
Let l be (-1)/(-5) + 18/10. Let m(y) be the first derivative of 3*y**2/2 - 2. Calculate the remainder when 10 is divided by m(l).
4
Let h(x) = x - 5. Let l be h(8). Let w(t) = 18*t - 4. Calculate the remainder when w(l) is divided by (-4)/6 + (-53)/(-3).
16
Let z(t) be the second derivative of t**5/20 - 7*t**4/12 + t**3/3 + 3*t**2/2 + 2*t. Let x(u) = 32*u**2 - u. What is the remainder when x(-1) is divided by z(7)?
16
Suppose -5*t - x = -244, -t = 2*t - 5*x - 152. Calculate the remainder when t is divided by 26.
23
Let b(v) = -4*v**3 - v**2 + 2*v - 1. Let h be b(-2). Let n = h - -2. What is the remainder when n is divided by 13?
12
Suppose 0*w + 6 = 3*w. Suppose 4 = 3*b - 2. What is the remainder when (-3 - -1)*(w - 3) is divided by b?
0
Suppose 0*n = -3*n - 6. Let s be (-44)/(-8) + n/(-4). Let a = s + 0. Calculate the remainder when 16 is divided by a.
4
Let l(t) = t**3 - 7*t**2 - 7*t. Calculate the remainder when 29 is divided by l(8).
5
Suppose -j - 25 = -4*l, j + 0*j = -2*l + 5. Let n be (1 - 1) + 3 + -1. Suppose -32 = -n*g - 2*g. Calculate the remainder when g is divided by l.
3
Let p = -66 + 77. Calculate the remainder when 63 is divided by p.
8
Suppose 6*p - 545 + 131 = 0. Calculate the remainder when p is divided by 5.
4
Suppose -5*x = -v - 10 - 36, 5*x = 4*v + 34. Let j = -6 + x. What is the remainder when 10 is divided by j?
2
Suppose 29 = 8*q - 43. Calculate the remainder when q is divided by 6.
3
Calculate the remainder when 10 is divided by (-13)/(-5) - (-2)/5.
1
Let x = -26 + 36. What is the remainder when (-232)/(-6) - (-17)/51 is divided by x?
9
Let k(j) = j**2 + 6*j. Let a(i) = -i - 8. Let l be a(-6). What is the remainder when k(-8) is divided by -1*((-36)/l)/(-3)?
4
Suppose -2*u + 34 = 3*y - 0*u, -u = -3*y + 37. Let l be -2*15/y*-2. Suppose q - 4*s = -l + 25, -5*s - 85 = -5*q. Calculate the remainder when q is divided by 6.
4
Let m be ((-2)/(-10))/(3/15). What is the remainder when -12*(1 - 2) - m is divided by 6?
5
Suppose 0 = -0*j + j - 11. Suppose -4*h + 16 = 0, -l + 29 = -4*h + 3. What is the remainder when l is divided by j?
9
Let v be (-2 - 0)/(-2) + -6. Let j be (-1)/2 - v/2. Suppose -4*t = -4*w - 72, j*t - 3*w - w - 34 = 0. Calculate the remainder when t is divided by 7.
5
Let l(i) = i**3 + 5*i**2 + 3*i - 4. Let n be l(-4). Suppose n = -0*c + 3*c - 18. Calculate the remainder when 10 is divided by c.
4
Let m = 9 - 7. Suppose m*z + 0*u + 9 = -3*u, -2*z + 5*u = -31. Suppose o = -3*n + 35, -n = 2*o + z*n - 64. What is the remainder when o is divided by 9?
8
Let t = 123 - 92. What is the remainder when 122 is divided by t?
29
Let c(u) = 6*u - 36. What is the remainder when c(22) is divided by 25?
21
Let i = 59 - 42. What is the remainder when 64 is divided by i?
13
Let g = -3 + 50. Let n be g/9 + 2/(-9). Suppose -n*q = -5*a - 135, 2*q - 5*a + 135 = 7*q. Calculate the remainder when q is divided by 15.
12
Let l(c) = -c + 9. Let f(k) = k - 8. Let m(z) = 6*f(z) + 5*l(z). Calculate the remainder when 4 is divided by m(6).
1
Suppose 2*c - 32 = 6. Let f be 8/20*-1*5. Calculate the remainder when c is divided by f/(11/(-5) + 2).
9
Suppose 27 = -17*j + 20*j. Calculate the remainder when 4*(1 - (-22)/4) is divided by j.
8
Let v(q) be the third derivative of q**5/30 + q**4/24 - q**3/3 + 4*q**2. Calculate the remainder when 6 is divided by v(-2).
2
Let x(a) = -3*a - 5*a**3 + 4*a**3 - 3*a**3 + 4*a**2 + 5*a**3. Let b = 48 + -14. Calculate the remainder when b is divided by x(-4).
10
Let m(j) = j**3 - 7*j**2 + 7*j + 1. Let d = 84 + -51. Calculate the remainder when d is divided by m(6).
5
Let i(b) = -5*b + 2. Let v(s) = -s**3 - 16*s**2 - 16*s - 7. Calculate the remainder when i(-4) is divided by v(-15).
6
What is the remainder when 49 is divided by (156/15)/(12/30)?
23
Let z = 88 + 9. Calculate the remainder when z is divided by 20.
17
Suppose 20 = 4*d - 4. Calculate the remainder when 23 is divided by d.
5
Let p = -97 - -206. What is the remainder when p is divided by 28?
25
Calculate the remainder when 25 is divided by (-102)/(-8) + (-5)/(-20).
12
Suppose -81 + 0 = -3*z. What is the remainder when 52 is divided by z?
25
Suppose 0 = -2*u + 4*q - 48, -u + 2*u + q = -39. Suppose -d - 39 = -5*f, f - 21 = -2*f + 3*d. What is the remainder when 1/(-2)*u - 2 is divided by f?
7
Suppose x - 6 = 3*x - 2*n, 3*n = 15. Calculate the remainder when 1 is divided by (-5)/((-5)/3) - x.
0
Suppose -8*z + 4*z = -72. Calculate the remainder when 45 is divided by z.
9
Let f be (-6)/(-27) + 752/18. Let q(y) = y**2 - 8*y - 2. Let l be q(5). Let j = f + l. What is the remainder when j is divided by 9?
7
Suppose -2*o - 5*u = -12, 7*o + 2*u + 4 = 4*o. What is the remainder when 61 is divided by 20*(4 - 3) + o?
13
What is the remainder when 84 is divided by (-58)/(-8)*(-5 - -9)?
26
Let h = -11 + 16. Let q = h + -2. Let f(o) = o**2 - 4*o - 8. Calculate the remainder when f(6) is divided by q.
1
Let p = 58 - 40. Calculate the remainder when p is divided by ((-8)/24 - (-56)/6) + 1.
8
Let s = 61 + -38. Calculate the remainder when s is divided by ((-8)/6)/((-1)/9).
11
Let g = 51 - 26. Suppose 5*r - g = 35. What is the remainder when 21 is divided by r?
9
Suppose -3*d = -13 + 4, 5*y + 2*d - 461 = 0. Calculate the remainder when y is divided by 23.
22
Let w = 23 + 1. Calculate the remainder when w is divided by 13.
11
Suppose -k + 35 = 21. What is the remainder when 69 is divided by -4 + (0 - -4) + k?
13
Suppose -s + 7 + 7 = 0. What is the remainder when 137 is divided by s?
11
What is the remainder when (5/20 + (-117)/12)*-2 is divided by 11?
8
Let t(m) = 3*m + 3. What is the remainder when t(3) is divided by 2?
0
Suppose 8*k = 3*h + 6*k - 124, 0 = -3*k - 15. Let o = 54 - 34. Calculate the remainder when h is divided by o.
18
Let c = -48 - -67. Suppose q + 4 = c. What is the remainder when q is divided by 8?
7
Let r = 0 - -3. Let k(u) = 0*u**2 - 3 + 4*u**2 + 3*u - 3*u**2. What is the remainder when 28 is divided by k(r)?
13
Let j(p) = 2*p + 8. Let c be (2 - 8)/((-2)/16). Suppose 0 = 5*f + 2*z - 80, 0 = -0*f - 2*f - 4*z + c. What is the remainder when j(9) is divided by f?
12
Let x(n) = n**3 - 5*n**2 - 6*n + 1. Let p be 12*(0 - (-1)/2). What is the remainder when 3 is divided by x(p)?
0
Let k be (-20)/25*50/(-4). Suppose k = l + 2*h - 8, -66 = -5*l + 2*h. What is the remainder when 41 is divided by l?
13
Suppose 32 = v - 0*v - d, v - 48 = 5*d. What is the remainder when 111 is divided by v?
27
Let w = -52 - -156. What is the remainder when w is divided by 35?
34
Let h(z) = z**3 + 7*z**2 - 8*z + 4. Let a = -18 - -4. Calculate the remainder when 21/a*(-20)/3 is divided by h(-8).
2
Suppose 0 = -5*x + 2*h + 77, -5*x + 3*x - 5*h = -54. Calculate the remainder when x is divided by 10.
7
Let o(g) = -6*g + 2. Let z(n) = 31*n - 11. Let m(d) = -22*o(d) - 4*z(d). Calculate the remainder when m(4) is divided by 11.
10
Let d = 4 + -2. Let p(o) = 3*o**2 + 2*o - 6. Let w(h) = 10*h**2 + 5*h - 19. Let t(m) = 7*p(m) - 2*w(m). Calculate the remainder when d is divided by t(-5).
0
Suppose 5*f = -u - u, -2*f + 5*u = -29. Suppose 174 = f*o - 0*o. Suppose -2*q = 5 - o. What is the remainder when q is divided by 14?
13
Suppose -3*s + 71 = 3*x + 2*x, -83 = -5*x + s. Let z = 10 - 4. Let u(a) = 9*a - 8. Calculate the remainder when u(z) is divided by x.
14
Let y = -30 + 51. What is the remainder when y is divided by 6?
3
Let t be 3/(-18) + 19/6. What is the remainder when (9 - 0)/(2/2) is divided by (-4)/t*(-36)/8?
3
What is the remainder when (2 + -1)/((-2)/(-82)) is divided by 21?
20
Let j = 57 + -41. Calculate the remainder when 93 is divided by j.
13
Suppose 4*a - 9 = -c - 0*a, 3*c = 4*a + 75. Let b = c - 17. What is the remainder when 15 is divided by b?
3
Let c(z) = -5*z - 10. Calculate the remainder when 88 is divided by c(-8).
28
Let h be ((-1)/3)/((-3)/549). Let u = -24 + 58. Let b = h - u. Calculate the remainder when b is divided by 14.
13
Let p = 39 - 77. What is the remainder when 15 is divided by p/(-5) - 6/(-15)?
7
What is the remainder w